{"id":160,"date":"2024-12-16T17:43:31","date_gmt":"2024-12-16T16:43:31","guid":{"rendered":"https:\/\/www.comunitadonmilani.it\/?page_id=160"},"modified":"2025-02-14T13:40:53","modified_gmt":"2025-02-14T12:40:53","slug":"vendita-prodotti","status":"publish","type":"page","link":"https:\/\/www.comunitadonmilani.it\/index.php\/vendita-prodotti\/","title":{"rendered":"ACQUISTA I NOSTRI PRODOTTI"},"content":{"rendered":"<p><strong>Lista di prodotti per la cura della persona:<\/strong><\/p>\n<ol>\n<li>Olio essenziale di Eucalipto, di Alloro, di Rosmarino, di Cipresso, in bottiglietta di vetro scuro, da 10 ml, costa 11 euro.<\/li>\n<\/ol>\n<p><img loading=\"lazy\" decoding=\"async\" class=\"alignnone wp-image-491\" src=\"https:\/\/www.comunitadonmilani.it\/wp-content\/uploads\/2025\/02\/rosmarino-1024x978.jpg\" alt=\"\" width=\"300\" height=\"287\" srcset=\"https:\/\/www.comunitadonmilani.it\/wp-content\/uploads\/2025\/02\/rosmarino-1024x978.jpg 1024w, https:\/\/www.comunitadonmilani.it\/wp-content\/uploads\/2025\/02\/rosmarino-300x286.jpg 300w, https:\/\/www.comunitadonmilani.it\/wp-content\/uploads\/2025\/02\/rosmarino-768x733.jpg 768w, https:\/\/www.comunitadonmilani.it\/wp-content\/uploads\/2025\/02\/rosmarino-1536x1467.jpg 1536w, https:\/\/www.comunitadonmilani.it\/wp-content\/uploads\/2025\/02\/rosmarino.jpg 1931w\" sizes=\"auto, (max-width: 300px) 100vw, 300px\" \/> <img loading=\"lazy\" decoding=\"async\" class=\"alignnone wp-image-492\" src=\"https:\/\/www.comunitadonmilani.it\/wp-content\/uploads\/2025\/02\/alloro-888x1024.jpg\" alt=\"\" width=\"300\" height=\"346\" srcset=\"https:\/\/www.comunitadonmilani.it\/wp-content\/uploads\/2025\/02\/alloro-888x1024.jpg 888w, https:\/\/www.comunitadonmilani.it\/wp-content\/uploads\/2025\/02\/alloro-260x300.jpg 260w, https:\/\/www.comunitadonmilani.it\/wp-content\/uploads\/2025\/02\/alloro-768x886.jpg 768w, https:\/\/www.comunitadonmilani.it\/wp-content\/uploads\/2025\/02\/alloro-1332x1536.jpg 1332w, https:\/\/www.comunitadonmilani.it\/wp-content\/uploads\/2025\/02\/alloro.jpg 1599w\" sizes=\"auto, (max-width: 300px) 100vw, 300px\" \/><\/p>\n<p><img loading=\"lazy\" decoding=\"async\" class=\"alignnone wp-image-493\" src=\"https:\/\/www.comunitadonmilani.it\/wp-content\/uploads\/2025\/02\/cipresso-1024x928.jpg\" alt=\"\" width=\"300\" height=\"272\" srcset=\"https:\/\/www.comunitadonmilani.it\/wp-content\/uploads\/2025\/02\/cipresso-1024x928.jpg 1024w, https:\/\/www.comunitadonmilani.it\/wp-content\/uploads\/2025\/02\/cipresso-300x272.jpg 300w, https:\/\/www.comunitadonmilani.it\/wp-content\/uploads\/2025\/02\/cipresso-768x696.jpg 768w, https:\/\/www.comunitadonmilani.it\/wp-content\/uploads\/2025\/02\/cipresso-1536x1392.jpg 1536w, https:\/\/www.comunitadonmilani.it\/wp-content\/uploads\/2025\/02\/cipresso.jpg 2035w\" sizes=\"auto, (max-width: 300px) 100vw, 300px\" \/> <img loading=\"lazy\" decoding=\"async\" class=\"alignnone wp-image-494\" src=\"https:\/\/www.comunitadonmilani.it\/wp-content\/uploads\/2025\/02\/eucalipto-720x1024.jpg\" alt=\"\" width=\"300\" height=\"427\" srcset=\"https:\/\/www.comunitadonmilani.it\/wp-content\/uploads\/2025\/02\/eucalipto-720x1024.jpg 720w, https:\/\/www.comunitadonmilani.it\/wp-content\/uploads\/2025\/02\/eucalipto-211x300.jpg 211w, https:\/\/www.comunitadonmilani.it\/wp-content\/uploads\/2025\/02\/eucalipto-768x1092.jpg 768w, https:\/\/www.comunitadonmilani.it\/wp-content\/uploads\/2025\/02\/eucalipto-1080x1536.jpg 1080w, https:\/\/www.comunitadonmilani.it\/wp-content\/uploads\/2025\/02\/eucalipto.jpg 1297w\" sizes=\"auto, (max-width: 300px) 100vw, 300px\" \/><\/p>\n<p>2. Unguento per labbra, viso, pelle, che idrata, cura e protegge, contiene: oleolito di alloro e rosmarino, cera d\u2019api e cera candelilla, burro di cacao, olio essenziale di lavanda; il costo, per un contenitore di 50 ml \u00e8 di 10 euro.<\/p>\n<p><img loading=\"lazy\" decoding=\"async\" class=\"alignnone wp-image-490\" src=\"https:\/\/www.comunitadonmilani.it\/wp-content\/uploads\/2025\/02\/unguento-per-labbra-1024x761.jpg\" alt=\"\" width=\"447\" height=\"332\" srcset=\"https:\/\/www.comunitadonmilani.it\/wp-content\/uploads\/2025\/02\/unguento-per-labbra-1024x761.jpg 1024w, https:\/\/www.comunitadonmilani.it\/wp-content\/uploads\/2025\/02\/unguento-per-labbra-300x223.jpg 300w, https:\/\/www.comunitadonmilani.it\/wp-content\/uploads\/2025\/02\/unguento-per-labbra-768x571.jpg 768w, https:\/\/www.comunitadonmilani.it\/wp-content\/uploads\/2025\/02\/unguento-per-labbra-1536x1142.jpg 1536w, https:\/\/www.comunitadonmilani.it\/wp-content\/uploads\/2025\/02\/unguento-per-labbra.jpg 2048w\" sizes=\"auto, (max-width: 447px) 100vw, 447px\" \/><\/p>\n<p>3. Unguento per capelli che combatte la forfora e l\u2019irritazione del bulbo capillifero \u00e8 realizzato con: oleolito di bacche di alloro e foglie di alloro, olio di cocco, cera d\u2019api, cera candelilla, burro di cacao, olio essenziale di lavanda; il costo, per un contenitore di 50 ml, \u00e8 di 10 euro.<\/p>\n<p><img loading=\"lazy\" decoding=\"async\" class=\"alignnone wp-image-489\" src=\"https:\/\/www.comunitadonmilani.it\/wp-content\/uploads\/2025\/02\/unguento-per-capelli-1024x902.jpg\" alt=\"\" width=\"460\" height=\"405\" srcset=\"https:\/\/www.comunitadonmilani.it\/wp-content\/uploads\/2025\/02\/unguento-per-capelli-1024x902.jpg 1024w, https:\/\/www.comunitadonmilani.it\/wp-content\/uploads\/2025\/02\/unguento-per-capelli-300x264.jpg 300w, https:\/\/www.comunitadonmilani.it\/wp-content\/uploads\/2025\/02\/unguento-per-capelli-768x676.jpg 768w, https:\/\/www.comunitadonmilani.it\/wp-content\/uploads\/2025\/02\/unguento-per-capelli.jpg 1288w\" sizes=\"auto, (max-width: 460px) 100vw, 460px\" \/><\/p>\n<p>4. Unguento antidolorifico, realizzato con oleolito di bacche di alloro e rosmarino, cera candelilla e burro di cacao, olio essenziale di alloro, canfora; il costo per un contenitore di 50 ml \u00e8 di 10 euro. In questo caso l\u2019unguento non va solo spalmato ma massaggiato.<\/p>\n<p><img loading=\"lazy\" decoding=\"async\" class=\"alignnone wp-image-488\" src=\"https:\/\/www.comunitadonmilani.it\/wp-content\/uploads\/2025\/02\/unguento-antidolorifico-1024x879.jpg\" alt=\"\" width=\"469\" height=\"402\" srcset=\"https:\/\/www.comunitadonmilani.it\/wp-content\/uploads\/2025\/02\/unguento-antidolorifico-1024x879.jpg 1024w, https:\/\/www.comunitadonmilani.it\/wp-content\/uploads\/2025\/02\/unguento-antidolorifico-300x258.jpg 300w, https:\/\/www.comunitadonmilani.it\/wp-content\/uploads\/2025\/02\/unguento-antidolorifico-768x659.jpg 768w, https:\/\/www.comunitadonmilani.it\/wp-content\/uploads\/2025\/02\/unguento-antidolorifico-1536x1319.jpg 1536w, https:\/\/www.comunitadonmilani.it\/wp-content\/uploads\/2025\/02\/unguento-antidolorifico.jpg 2048w\" sizes=\"auto, (max-width: 469px) 100vw, 469px\" \/><\/p>\n<p>5. Unguento per piedi. Contiene oleoliti di alloro, elicriso, camomilla, mirto, burro di cacao, cera candelilla, T3 Oil; il costo per un contenitore di 50 ml \u00e8 di 10 euro.<\/p>\n<p><img loading=\"lazy\" decoding=\"async\" class=\"alignnone wp-image-487\" src=\"https:\/\/www.comunitadonmilani.it\/wp-content\/uploads\/2025\/02\/unguento-per-piedi-1024x817.jpg\" alt=\"\" width=\"468\" height=\"373\" srcset=\"https:\/\/www.comunitadonmilani.it\/wp-content\/uploads\/2025\/02\/unguento-per-piedi-1024x817.jpg 1024w, https:\/\/www.comunitadonmilani.it\/wp-content\/uploads\/2025\/02\/unguento-per-piedi-300x239.jpg 300w, https:\/\/www.comunitadonmilani.it\/wp-content\/uploads\/2025\/02\/unguento-per-piedi-768x613.jpg 768w, https:\/\/www.comunitadonmilani.it\/wp-content\/uploads\/2025\/02\/unguento-per-piedi-1536x1226.jpg 1536w, https:\/\/www.comunitadonmilani.it\/wp-content\/uploads\/2025\/02\/unguento-per-piedi.jpg 2048w\" sizes=\"auto, (max-width: 468px) 100vw, 468px\" \/><\/p>\n<p>6. Oleolito per problemi della pelle anche dermatiti e psoriasi con oleoliti di: cappero, elicriso, lavanda, lentisco, olio di crisalide del baco da seta, olio di cumino nero, il costo \u00e8 di 20 euro per un flacone con spruzzo da 75 ml.<\/p>\n<p><img loading=\"lazy\" decoding=\"async\" class=\"alignnone wp-image-496\" src=\"https:\/\/www.comunitadonmilani.it\/wp-content\/uploads\/2025\/02\/oleolito-506x1024.jpg\" alt=\"\" width=\"395\" height=\"799\" srcset=\"https:\/\/www.comunitadonmilani.it\/wp-content\/uploads\/2025\/02\/oleolito-506x1024.jpg 506w, https:\/\/www.comunitadonmilani.it\/wp-content\/uploads\/2025\/02\/oleolito-148x300.jpg 148w, https:\/\/www.comunitadonmilani.it\/wp-content\/uploads\/2025\/02\/oleolito-768x1554.jpg 768w, https:\/\/www.comunitadonmilani.it\/wp-content\/uploads\/2025\/02\/oleolito-759x1536.jpg 759w, https:\/\/www.comunitadonmilani.it\/wp-content\/uploads\/2025\/02\/oleolito-1012x2048.jpg 1012w, https:\/\/www.comunitadonmilani.it\/wp-content\/uploads\/2025\/02\/oleolito-scaled.jpg 1265w\" sizes=\"auto, (max-width: 395px) 100vw, 395px\" \/><\/p>\n<p>7. Oleolito antidolorifico con: oleolito di bacche di alloro e camomilla, oli essenziali di alloro, lavanda, rosmarino, eucalipto e wintergreen. Il costo \u00e8 di 20 euro per un flacone con spruzzino da 75 ml; in questo caso l\u2019olio va non solo spruzzato ma anche massaggiato.<\/p>\n<p><img loading=\"lazy\" decoding=\"async\" class=\"alignnone wp-image-495\" src=\"https:\/\/www.comunitadonmilani.it\/wp-content\/uploads\/2025\/02\/oleolito-antidolorifico-357x1024.jpg\" alt=\"\" width=\"272\" height=\"780\" srcset=\"https:\/\/www.comunitadonmilani.it\/wp-content\/uploads\/2025\/02\/oleolito-antidolorifico-357x1024.jpg 357w, https:\/\/www.comunitadonmilani.it\/wp-content\/uploads\/2025\/02\/oleolito-antidolorifico-105x300.jpg 105w, https:\/\/www.comunitadonmilani.it\/wp-content\/uploads\/2025\/02\/oleolito-antidolorifico-536x1536.jpg 536w, https:\/\/www.comunitadonmilani.it\/wp-content\/uploads\/2025\/02\/oleolito-antidolorifico.jpg 714w\" sizes=\"auto, (max-width: 272px) 100vw, 272px\" \/><\/p>\n<p style=\"text-align: justify;\">Gli unguenti non ungono in quanto contengono, nella parte oleosa, l\u2019octyl palmitato, usato in cosmesi, perch\u00e9 ben assorbito dalla pelle.<br \/>\nIn tutti i prodotti non vi sono conservanti, fatta eccezione del tocoferolo (vitamina E), quindi antiossidante naturale.<br \/>\nLe spese di spedizione sono pari a 7 euro. Per ordini superiori ai 50 euro, sono a carico della cooperativa.<\/p>\n<blockquote><p><span style=\"color: #ff0000;\"><strong>Per ordinare i nostri prodotti chiama al numero <span style=\"color: #0000ff;\">329 6170611<\/span> oppure manda una email <span style=\"color: #0000ff;\"><a style=\"color: #0000ff;\" href=\"mailto:nello@comunitadonmilani.it\">nello@comunitadonmilani.it<\/a><\/span><\/strong><\/span><\/p><\/blockquote>\n<p>&nbsp;<\/p>\n<p><strong>Nel presentare i nostri prodotti partiamo dagli Oli essenziali prodotti con le nostre piante e nella nostra azienda agro-sociale.<\/strong><\/p>\n<p style=\"text-align: justify;\">Diamo qui di seguito le informazioni basilari per un uso appropriato di queste sostanze.<br \/>\nGli oli essenziali sono delle frazioni di composti volatili o resinosi estratti da molte specie di piante.<br \/>\nNon sono costituiti da una singola molecola ma da un insieme di sostanze con elevata complessit\u00e0 chimica.<br \/>\nUna singola essenza pu\u00f2 contenere decine di molecole chimiche differenti anche se molte di loro sono riconducibile alla classe dei terpeni che caratterizza frequentemente gli oli essenziali.<br \/>\nE\u2019 questa la ragione per la quale sono quasi tutti volatili e aromatici, dal profumo intenso e penetrante e tradizionalmente utilizzati in cosmetica e profumeria.<br \/>\nGli oli essenziali sono prodotti da cellule vegetali specializzate e si possono trovare in\u00a0 modo diffuso su ogni organo vegetativo, ma in molti casi sono confinati in\u00a0 strutture specializzate come le vescicole oleifere della buccia degli agrumi.<br \/>\nLa loro estrazione si basa su poche tecniche tra le quali la distillazione in corrente di vapore \u00e8 ancora quella maggiormente adottata. Alcune essenze molto volatili e delicate vengono estratte mediante solventi come alcool, etere oppure grassi e cere.<br \/>\nLa tecnica pi\u00f9 moderna ed efficace \u00e8 costituita dagli impianti ad anidride carbonica liquida in fase supercritica. Questa tecnologia \u00e8 complessa, costosa e richiede la presenza di tecnici specializzati, ma estrae le essenze nella loro forma pi\u00f9 pura e inalterata.<br \/>\nGli oli essenziali sono conosciuti da tempo immemorabile, la loro storia ricca di fascino ha seguito il percorso della civilizzazione umana divenendo materia di uso quotidiano per la profumazione, i rituali religiosi e la cura del corpo.\u00a0 Sebbene l\u2019estrazione in forma pura e concentrata si \u00e8 resa possibile con lo sviluppo delle tecniche di distillazione, la produzione in antichit\u00e0 era principalmente legata alla estrazione con oli, grassi o cere lasciando i vegetali per lungo tempo in macerazione.\u00a0 Possiamo dire che gli estratti antichi erano dei veri e propri oleoliti, preparati con procedure complesse e laboriose, oggi del tutto sconosciute, che venivano trasformati in balsami ed unguenti utilizzati per profumare e curare il corpo. Tra i tanti possiamo citare l\u2019Onfacium dei romani per il quale \u00e8 possibile trovare molte descrizioni antiche.<br \/>\nAgli inizi del secolo scorso in Francia viene coniato il termine di Aromaterapia, intesa come branca a se della fitoterapia, e si sviluppa un nuovo concetto di utilizzo degli oli essenziali in tutte le loro possibili forme e preparazioni.<br \/>\nL\u2019Aromaterapia con il tempo si \u00e8 trasformata in una vera e propria pratica olistica, indirizzata alla cura della persona nel suo complesso senza disgiungere gli aspetti fisici da quelli psicologici e spirituali.<br \/>\nGli oli essenziali non possono sostituirsi alle cure mediche, ma rappresentano un valido aiuto per una lunga serie di disturbi della cute, delle articolazioni e pi\u00f9 in generale del benessere psicofisico.<br \/>\nGli oli essenziali possono essere utilizzati in diluizione con oli e cere nella forma di oleoliti, pomate ed unguenti. Possono essere utilizzati per inalazioni e con l\u2019ausilio di diffusori per profumare gli ambienti e renderli sani e confortevoli.<br \/>\nNon bisogna utilizzare gli oli essenziali per uso interno perch\u00e9 irritanti delle mucose e quindi potenzialmente pericolosi, ma vengono assorbiti in piccolissime quantit\u00e0 attraverso la pelle quando utilizziamo una pomata o utilizzati per pediluvi e bagni in acqua calda.<br \/>\nQuesti ultimi utilizzi sono ostacolati dal fatto che gli oli essenziali non sono solubili in acqua e tendono a formare chiazze superficiali che possono impattare sulla pelle generando irritazione. La solubilizzazione o la dispersione degli oli essenziali in acqua richiede l\u2019utilizzo di disperdenti specifici, che vengono venduti gi\u00e0 formulati, oppure veicolarli in una piccola quantit\u00e0 di saponi liquidi facilmente reperibili in commercio.<\/p>\n","protected":false},"excerpt":{"rendered":"<p>Lista di prodotti per la cura della persona: Olio essenziale di Eucalipto, di Alloro, di Rosmarino, di Cipresso, in bottiglietta di vetro scuro, da 10 ml, costa 11 euro. 2. Unguento per labbra, viso, pelle, che idrata, cura e protegge, contiene: oleolito di alloro e rosmarino, cera d\u2019api e cera candelilla, burro di cacao, olio &hellip;<\/p>\n","protected":false},"author":1,"featured_media":0,"parent":0,"menu_order":0,"comment_status":"closed","ping_status":"closed","template":"","meta":{"footnotes":""},"class_list":["post-160","page","type-page","status-publish",""],"_links":{"self":[{"href":"https:\/\/www.comunitadonmilani.it\/index.php\/wp-json\/wp\/v2\/pages\/160","targetHints":{"allow":["GET"]}}],"collection":[{"href":"https:\/\/www.comunitadonmilani.it\/index.php\/wp-json\/wp\/v2\/pages"}],"about":[{"href":"https:\/\/www.comunitadonmilani.it\/index.php\/wp-json\/wp\/v2\/types\/page"}],"author":[{"embeddable":true,"href":"https:\/\/www.comunitadonmilani.it\/index.php\/wp-json\/wp\/v2\/users\/1"}],"replies":[{"embeddable":true,"href":"https:\/\/www.comunitadonmilani.it\/index.php\/wp-json\/wp\/v2\/comments?post=160"}],"version-history":[{"count":11,"href":"https:\/\/www.comunitadonmilani.it\/index.php\/wp-json\/wp\/v2\/pages\/160\/revisions"}],"predecessor-version":[{"id":539,"href":"https:\/\/www.comunitadonmilani.it\/index.php\/wp-json\/wp\/v2\/pages\/160\/revisions\/539"}],"wp:attachment":[{"href":"https:\/\/www.comunitadonmilani.it\/index.php\/wp-json\/wp\/v2\/media?parent=160"}],"curies":[{"name":"wp","href":"https:\/\/api.w.org\/{rel}","templated":true}]}}